What is the millions digit of 43053146?
3
What is the units digit of 493331841?
1
What is the ten millions digit of 991913561?
9
What is the thousands digit of 35587839?
7
What is the tens digit of 1740251?
5
What is the tens digit of 310177243?
4
What is the ten thousands digit of 39929570?
2
What is the tens digit of 527527480?
8
What is the thousands digit of 13614303?
4
What is the tens digit of 10926104?
0
What is the millions digit of 458735664?
8
What is the ten thousands digit of 155446459?
4
What is the hundreds digit of 410505136?
1
What is the units digit of 76082959?
9
What is the ten thousands digit of 113172364?
7
What is the billions digit of 3069235467?
3
What is the thousands digit of 565140591?
0
What is the tens digit of 1741718?
1
What is the hundreds digit of 82867923?
9
What is the hundreds digit of 552953644?
6
What is the hundreds digit of 29327067?
0
What is the ten millions digit of 586148224?
8
What is the hundred millions digit of 3703142874?
7
What is the hundred thousands digit of 89577820?
5
What is the millions digit of 976870678?
6
What is the ten thousands digit of 1900836091?
3
What is the hundred thousands digit of 5278948047?
9
What is the millions digit of 1641338658?
1
What is the hundred thousands digit of 926026513?
0
What is the ten thousands digit of 19632976?
3
What is the units digit of 356798505?
5
What is the ten thousands digit of 1767275452?
7
What is the ten thousands digit of 75461197?
6
What is the millions digit of 41568330?
1
What is the hundreds digit of 26999144?
1
What is the tens digit of 525586751?
5
What is the hundreds digit of 452838912?
9
What is the hundreds digit of 189201034?
0
What is the ten thousands digit of 113459333?
5
What is the thousands digit of 3022512124?
2
What is the ten thousands digit of 136962575?
6
What is the billions digit of 1673503920?
1
What is the ten millions digit of 1093920508?
9
What is the hundred thousands digit of 104471596?
4
What is the hundred thousands digit of 4064173425?
1
What is the hundreds digit of 2661036937?
9
What is the ten thousands digit of 191924425?
2
What is the hundred thousands digit of 134041998?
0
What is the ten millions digit of 705612591?
0
What is the hundreds digit of 302778037?
0
What is the thousands digit of 51658228?
8
What is the millions digit of 275611820?
5
What is the billions digit of 2809664040?
2
What is the millions digit of 3264190011?
4
What is the hundred millions digit of 834062547?
8
What is the hundred millions digit of 3033016500?
0
What is the units digit of 228249663?
3
What is the thousands digit of 269143175?
3
What is the hundreds digit of 629279886?
8
What is the hundred millions digit of 135009314?
1
What is the hundreds digit of 51636578?
5
What is the thousands digit of 124303931?
3
What is the hundreds digit of 2474397503?
5
What is the thousands digit of 120085067?
5
What is the tens digit of 1723805410?
1
What is the hundred millions digit of 123528114?
1
What is the hundred thousands digit of 3020950746?
9
What is the tens digit of 2411901049?
4
What is the hundred millions digit of 1262963737?
2
What is the millions digit of 651684166?
1
What is the hundred millions digit of 1101651977?
1
What is the hundred thousands digit of 15617353?
6
What is the units digit of 358087744?
4
What is the billions digit of 1669041050?
1
What is the tens digit of 410678897?
9
What is the hundreds digit of 1442164272?
2
What is the hundreds digit of 43490025?
0
What is the tens digit of 790204645?
4
What is the hundred thousands digit of 44936505?
9
What is the tens digit of 495173944?
4
What is the thousands digit of 34888019?
8
What is the billions digit of 1648766797?
1
What is the millions digit of 105941802?
5
What is the hundred millions digit of 120196705?
1
What is the billions digit of 2159239038?
2
What is the hundreds digit of 110914806?
8
What is the units digit of 129314170?
0
What is the tens digit of 17905330?
3
What is the thousands digit of 510246834?
6
What is the thousands digit of 39122831?
2
What is the tens digit of 487848163?
6
What is the tens digit of 21311076?
7
What is the hundred thousands digit of 3557739267?
7
What is the ten thousands digit of 463243571?
4
What is the hundred thousands digit of 2699794119?
7
What is the hundreds digit of 342871026?
0
What is the units digit of 1230367156?
6
What is the hundreds digit of 4499302659?
6
What is the ten thousands digit of 1159521501?
2
What is the hundreds digit of 211894703?
7
What is the ten millions digit of 323996069?
2
What is the tens digit of 25271134?
3
What is the thousands digit of 1102675?
2
What is the hundred millions digit of 1793422948?
7
What is the ten millions digit of 2845620237?
4
What is the hundreds digit of 355122593?
5
What is the millions digit of 532380499?
2
What is the ten thousands digit of 3648831991?
3
What is the units digit of 473564329?
9
What is the millions digit of 2621363934?
1
What is the tens digit of 2058198214?
1
What is the tens digit of 1081765?
6
What is the billions digit of 2274698089?
2
What is the ten thousands digit of 327588640?
8
What is the hundred millions digit of 683843686?
6
What is the hundred thousands digit of 85101572?
1
What is the thousands digit of 5338176783?
6
What is the hundreds digit of 6508716463?
4
What is the units digit of 267977969?
9
What is the millions digit of 1644753236?
4
What is the units digit of 99234311?
1
What is the ten millions digit of 152500101?
5
What is the tens digit of 7815068?
6
What is the thousands digit of 89094430?
4
What is the millions digit of 265366248?
5
What is the ten thousands digit of 6616187934?
8
What is the ten thousands digit of 192986924?
8
What is the millions digit of 27806594?
7
What is the tens digit of 758353048?
4
What is the tens digit of 315258785?
8
What is the ten millions digit of 76311533?
7
What is the millions digit of 52190350?
2
What is the units digit of 2132806370?
0
What is the hundred thousands digit of 773101998?
1
What is the ten thousands digit of 1139956237?
5
What is the ten millions digit of 2887981712?
8
What is the millions digit of 58004514?
8
What is the ten thousands digit of 7021691133?
9
What is the hundred thousands digit of 247389992?
3
What is the thousands digit of 1060930542?
0
What is the ten thousands digit of 442720529?
2
What is the hundred thousands digit of 526653805?
6
What is the thousands digit of 77064432?
4
What is the hundred thousands digit of 388391686?
3
What is the units digit of 26544438?
8
What is the units digit of 12660255?
5
What is the millions digit of 71048219?
1
What is the ten thousands digit of 19812784?
1
What is the ten millions digit of 124270963?
2
What is the ten millions digit of 38642776?
3
What is the thousands digit of 27712655?
2
What is the hundred thousands digit of 263641483?
6
What is the ten millions digit of 53293123?
5
What is the tens digit of 727768138?
3
What is the hundred thousands digit of 4895445?
8
What is the millions digit of 30919339?
0
What is the thousands digit of 45945101?
5
What is the ten thousands digit of 133741611?
4
What is the ten millions digit of 73041374?
7
What is the thousands digit of 41288114?
8
What is the hundreds digit of 46795565?
5
What is the hundreds digit of 1893295807?
8
What is the millions digit of 21201755?
1
What is the tens digit of 505579619?
1
What is the thousands digit of 981990091?
0
What is the units digit of 156479824?
4
What is the ten thousands digit of 142925515?
2
What is the ten millions digit of 755560758?
5
What is the ten millions digit of 11997351?
1
What is the hundred millions digit of 2098583029?
0
What is the hundreds digit of 67093452?
4
What is the hundred thousands digit of 96396848?
3
What is the ten thousands digit of 311266397?
6
What is the units digit of 455123015?
5
What is the hundred thousands digit of 397222141?
2
What is the billions digit of 2106073775?
2
What is the units digit of 134809286?
6
What is the ten millions digit of 264273549?
6
What is the thousands digit of 329880091?
0
What is the hundred millions digit of 165291525?
1
What is the ten millions digit of 381188069?
8
What is the hundred thousands digit of 2240705621?
7
What is the ten millions d